{"id":428,"date":"2023-12-12T13:46:41","date_gmt":"2023-12-12T12:46:41","guid":{"rendered":"https:\/\/sijaca.com\/?post_type=trabajo&#038;p=428"},"modified":"2023-12-12T14:46:29","modified_gmt":"2023-12-12T13:46:29","slug":"conexion-especial-primer-viernes-de-mayo-para-radio-jaca","status":"publish","type":"trabajo","link":"https:\/\/sijaca.com\/en\/trabajo\/conexion-especial-primer-viernes-de-mayo-para-radio-jaca\/","title":{"rendered":"Conexi\u00f3n especial Primer Viernes de Mayo para Radio Jaca"},"content":{"rendered":"<p>Con motivo de una programaci\u00f3n especial de Radio Jaca para la celebraci\u00f3n del Primer Viernes de Mayo, este d\u00eda 5 de mayo de 2017, \u00a0se hace una instalaci\u00f3n temporal de\u00a0<a href=\"http:\/\/www.embou.com\/\" target=\"_blank\" rel=\"noopener noreferrer\">Embou<\/a>\u00a0en las oficinas de Radio Jaca.<\/p>\n<p>Felices Fiestas Jacetan@s!!!!<\/p>\n","protected":false},"featured_media":429,"template":"","meta":{"_acf_changed":false,"site-sidebar-layout":"default","site-content-layout":"","ast-site-content-layout":"default","site-content-style":"default","site-sidebar-style":"default","ast-global-header-display":"","ast-banner-title-visibility":"","ast-main-header-display":"","ast-hfb-above-header-display":"","ast-hfb-below-header-display":"","ast-hfb-mobile-header-display":"","site-post-title":"","ast-breadcrumbs-content":"","ast-featured-img":"","footer-sml-layout":"","theme-transparent-header-meta":"default","adv-header-id-meta":"","stick-header-meta":"","header-above-stick-meta":"","header-main-stick-meta":"","header-below-stick-meta":"","astra-migrate-meta-layouts":"set","ast-page-background-enabled":"default","ast-page-background-meta":{"desktop":{"background-color":"var(--ast-global-color-4)","background-image":"","background-repeat":"repeat","background-position":"center center","background-size":"auto","background-attachment":"scroll","background-type":"","background-media":"","overlay-type":"","overlay-color":"","overlay-opacity":"","overlay-gradient":""},"tablet":{"background-color":"","background-image":"","background-repeat":"repeat","background-position":"center center","background-size":"auto","background-attachment":"scroll","background-type":"","background-media":"","overlay-type":"","overlay-color":"","overlay-opacity":"","overlay-gradient":""},"mobile":{"background-color":"","background-image":"","background-repeat":"repeat","background-position":"center center","background-size":"auto","background-attachment":"scroll","background-type":"","background-media":"","overlay-type":"","overlay-color":"","overlay-opacity":"","overlay-gradient":""}},"ast-content-background-meta":{"desktop":{"background-color":"var(--ast-global-color-5)","background-image":"","background-repeat":"repeat","background-position":"center center","background-size":"auto","background-attachment":"scroll","background-type":"","background-media":"","overlay-type":"","overlay-color":"","overlay-opacity":"","overlay-gradient":""},"tablet":{"background-color":"var(--ast-global-color-5)","background-image":"","background-repeat":"repeat","background-position":"center center","background-size":"auto","background-attachment":"scroll","background-type":"","background-media":"","overlay-type":"","overlay-color":"","overlay-opacity":"","overlay-gradient":""},"mobile":{"background-color":"var(--ast-global-color-5)","background-image":"","background-repeat":"repeat","background-position":"center center","background-size":"auto","background-attachment":"scroll","background-type":"","background-media":"","overlay-type":"","overlay-color":"","overlay-opacity":"","overlay-gradient":""}}},"class_list":["post-428","trabajo","type-trabajo","status-publish","has-post-thumbnail","hentry"],"acf":[],"yoast_head":"<!-- This site is optimized with the Yoast SEO plugin v26.8 - https:\/\/yoast.com\/product\/yoast-seo-wordpress\/ -->\n<title>Conexi\u00f3n especial Primer Viernes de Mayo para Radio Jaca - Servicios Inform\u00e1ticos Jaca<\/title>\n<meta name=\"robots\" content=\"index, follow, max-snippet:-1, max-image-preview:large, max-video-preview:-1\" \/>\n<link rel=\"canonical\" href=\"https:\/\/sijaca.com\/en\/trabajo\/conexion-especial-primer-viernes-de-mayo-para-radio-jaca\/\" \/>\n<meta property=\"og:locale\" content=\"en_US\" \/>\n<meta property=\"og:type\" content=\"article\" \/>\n<meta property=\"og:title\" content=\"Conexi\u00f3n especial Primer Viernes de Mayo para Radio Jaca - Servicios Inform\u00e1ticos Jaca\" \/>\n<meta property=\"og:description\" content=\"Con motivo de una programaci\u00f3n especial de Radio Jaca para la celebraci\u00f3n del Primer Viernes de Mayo, este d\u00eda 5 de mayo de 2017, \u00a0se hace una instalaci\u00f3n temporal de\u00a0Embou\u00a0en las oficinas de Radio Jaca. Felices Fiestas Jacetan@s!!!!\" \/>\n<meta property=\"og:url\" content=\"https:\/\/sijaca.com\/en\/trabajo\/conexion-especial-primer-viernes-de-mayo-para-radio-jaca\/\" \/>\n<meta property=\"og:site_name\" content=\"Servicios Inform\u00e1ticos Jaca\" \/>\n<meta property=\"article:modified_time\" content=\"2023-12-12T13:46:29+00:00\" \/>\n<meta property=\"og:image\" content=\"https:\/\/sijaca.com\/wp-content\/uploads\/2023\/12\/DSC_0355.jpg\" \/>\n\t<meta property=\"og:image:width\" content=\"2000\" \/>\n\t<meta property=\"og:image:height\" content=\"1125\" \/>\n\t<meta property=\"og:image:type\" content=\"image\/jpeg\" \/>\n<meta name=\"twitter:card\" content=\"summary_large_image\" \/>\n<meta name=\"twitter:label1\" content=\"Est. reading time\" \/>\n\t<meta name=\"twitter:data1\" content=\"1 minute\" \/>\n<script type=\"application\/ld+json\" class=\"yoast-schema-graph\">{\"@context\":\"https:\/\/schema.org\",\"@graph\":[{\"@type\":\"WebPage\",\"@id\":\"https:\/\/sijaca.com\/en\/trabajo\/conexion-especial-primer-viernes-de-mayo-para-radio-jaca\/\",\"url\":\"https:\/\/sijaca.com\/en\/trabajo\/conexion-especial-primer-viernes-de-mayo-para-radio-jaca\/\",\"name\":\"Conexi\u00f3n especial Primer Viernes de Mayo para Radio Jaca - Servicios Inform\u00e1ticos Jaca\",\"isPartOf\":{\"@id\":\"https:\/\/sijaca.com\/en\/#website\"},\"primaryImageOfPage\":{\"@id\":\"https:\/\/sijaca.com\/en\/trabajo\/conexion-especial-primer-viernes-de-mayo-para-radio-jaca\/#primaryimage\"},\"image\":{\"@id\":\"https:\/\/sijaca.com\/en\/trabajo\/conexion-especial-primer-viernes-de-mayo-para-radio-jaca\/#primaryimage\"},\"thumbnailUrl\":\"https:\/\/sijaca.com\/wp-content\/uploads\/2023\/12\/DSC_0355.jpg\",\"datePublished\":\"2023-12-12T12:46:41+00:00\",\"dateModified\":\"2023-12-12T13:46:29+00:00\",\"breadcrumb\":{\"@id\":\"https:\/\/sijaca.com\/en\/trabajo\/conexion-especial-primer-viernes-de-mayo-para-radio-jaca\/#breadcrumb\"},\"inLanguage\":\"en-US\",\"potentialAction\":[{\"@type\":\"ReadAction\",\"target\":[\"https:\/\/sijaca.com\/en\/trabajo\/conexion-especial-primer-viernes-de-mayo-para-radio-jaca\/\"]}]},{\"@type\":\"ImageObject\",\"inLanguage\":\"en-US\",\"@id\":\"https:\/\/sijaca.com\/en\/trabajo\/conexion-especial-primer-viernes-de-mayo-para-radio-jaca\/#primaryimage\",\"url\":\"https:\/\/sijaca.com\/wp-content\/uploads\/2023\/12\/DSC_0355.jpg\",\"contentUrl\":\"https:\/\/sijaca.com\/wp-content\/uploads\/2023\/12\/DSC_0355.jpg\",\"width\":2000,\"height\":1125},{\"@type\":\"BreadcrumbList\",\"@id\":\"https:\/\/sijaca.com\/en\/trabajo\/conexion-especial-primer-viernes-de-mayo-para-radio-jaca\/#breadcrumb\",\"itemListElement\":[{\"@type\":\"ListItem\",\"position\":1,\"name\":\"Inicio\",\"item\":\"https:\/\/sijaca.com\/en\/\"},{\"@type\":\"ListItem\",\"position\":2,\"name\":\"Trabajos\",\"item\":\"https:\/\/sijaca.com\/en\/trabajo\/\"},{\"@type\":\"ListItem\",\"position\":3,\"name\":\"Conexi\u00f3n especial Primer Viernes de Mayo para Radio Jaca\"}]},{\"@type\":\"WebSite\",\"@id\":\"https:\/\/sijaca.com\/en\/#website\",\"url\":\"https:\/\/sijaca.com\/en\/\",\"name\":\"Servicios Inform\u00e1ticos Jaca\",\"description\":\"Soluciones inform\u00e1ticas\",\"publisher\":{\"@id\":\"https:\/\/sijaca.com\/en\/#organization\"},\"potentialAction\":[{\"@type\":\"SearchAction\",\"target\":{\"@type\":\"EntryPoint\",\"urlTemplate\":\"https:\/\/sijaca.com\/en\/?s={search_term_string}\"},\"query-input\":{\"@type\":\"PropertyValueSpecification\",\"valueRequired\":true,\"valueName\":\"search_term_string\"}}],\"inLanguage\":\"en-US\"},{\"@type\":\"Organization\",\"@id\":\"https:\/\/sijaca.com\/en\/#organization\",\"name\":\"Servicios Inform\u00e1ticos Jaca\",\"url\":\"https:\/\/sijaca.com\/en\/\",\"logo\":{\"@type\":\"ImageObject\",\"inLanguage\":\"en-US\",\"@id\":\"https:\/\/sijaca.com\/en\/#\/schema\/logo\/image\/\",\"url\":\"https:\/\/sijaca.com\/wp-content\/uploads\/2023\/11\/2Logo-JACA-solo.png\",\"contentUrl\":\"https:\/\/sijaca.com\/wp-content\/uploads\/2023\/11\/2Logo-JACA-solo.png\",\"width\":710,\"height\":279,\"caption\":\"Servicios Inform\u00e1ticos Jaca\"},\"image\":{\"@id\":\"https:\/\/sijaca.com\/en\/#\/schema\/logo\/image\/\"}}]}<\/script>\n<!-- \/ Yoast SEO plugin. -->","yoast_head_json":{"title":"Conexi\u00f3n especial Primer Viernes de Mayo para Radio Jaca - Servicios Inform\u00e1ticos Jaca","robots":{"index":"index","follow":"follow","max-snippet":"max-snippet:-1","max-image-preview":"max-image-preview:large","max-video-preview":"max-video-preview:-1"},"canonical":"https:\/\/sijaca.com\/en\/trabajo\/conexion-especial-primer-viernes-de-mayo-para-radio-jaca\/","og_locale":"en_US","og_type":"article","og_title":"Conexi\u00f3n especial Primer Viernes de Mayo para Radio Jaca - Servicios Inform\u00e1ticos Jaca","og_description":"Con motivo de una programaci\u00f3n especial de Radio Jaca para la celebraci\u00f3n del Primer Viernes de Mayo, este d\u00eda 5 de mayo de 2017, \u00a0se hace una instalaci\u00f3n temporal de\u00a0Embou\u00a0en las oficinas de Radio Jaca. Felices Fiestas Jacetan@s!!!!","og_url":"https:\/\/sijaca.com\/en\/trabajo\/conexion-especial-primer-viernes-de-mayo-para-radio-jaca\/","og_site_name":"Servicios Inform\u00e1ticos Jaca","article_modified_time":"2023-12-12T13:46:29+00:00","og_image":[{"width":2000,"height":1125,"url":"https:\/\/sijaca.com\/wp-content\/uploads\/2023\/12\/DSC_0355.jpg","type":"image\/jpeg"}],"twitter_card":"summary_large_image","twitter_misc":{"Est. reading time":"1 minute"},"schema":{"@context":"https:\/\/schema.org","@graph":[{"@type":"WebPage","@id":"https:\/\/sijaca.com\/en\/trabajo\/conexion-especial-primer-viernes-de-mayo-para-radio-jaca\/","url":"https:\/\/sijaca.com\/en\/trabajo\/conexion-especial-primer-viernes-de-mayo-para-radio-jaca\/","name":"Conexi\u00f3n especial Primer Viernes de Mayo para Radio Jaca - Servicios Inform\u00e1ticos Jaca","isPartOf":{"@id":"https:\/\/sijaca.com\/en\/#website"},"primaryImageOfPage":{"@id":"https:\/\/sijaca.com\/en\/trabajo\/conexion-especial-primer-viernes-de-mayo-para-radio-jaca\/#primaryimage"},"image":{"@id":"https:\/\/sijaca.com\/en\/trabajo\/conexion-especial-primer-viernes-de-mayo-para-radio-jaca\/#primaryimage"},"thumbnailUrl":"https:\/\/sijaca.com\/wp-content\/uploads\/2023\/12\/DSC_0355.jpg","datePublished":"2023-12-12T12:46:41+00:00","dateModified":"2023-12-12T13:46:29+00:00","breadcrumb":{"@id":"https:\/\/sijaca.com\/en\/trabajo\/conexion-especial-primer-viernes-de-mayo-para-radio-jaca\/#breadcrumb"},"inLanguage":"en-US","potentialAction":[{"@type":"ReadAction","target":["https:\/\/sijaca.com\/en\/trabajo\/conexion-especial-primer-viernes-de-mayo-para-radio-jaca\/"]}]},{"@type":"ImageObject","inLanguage":"en-US","@id":"https:\/\/sijaca.com\/en\/trabajo\/conexion-especial-primer-viernes-de-mayo-para-radio-jaca\/#primaryimage","url":"https:\/\/sijaca.com\/wp-content\/uploads\/2023\/12\/DSC_0355.jpg","contentUrl":"https:\/\/sijaca.com\/wp-content\/uploads\/2023\/12\/DSC_0355.jpg","width":2000,"height":1125},{"@type":"BreadcrumbList","@id":"https:\/\/sijaca.com\/en\/trabajo\/conexion-especial-primer-viernes-de-mayo-para-radio-jaca\/#breadcrumb","itemListElement":[{"@type":"ListItem","position":1,"name":"Inicio","item":"https:\/\/sijaca.com\/en\/"},{"@type":"ListItem","position":2,"name":"Trabajos","item":"https:\/\/sijaca.com\/en\/trabajo\/"},{"@type":"ListItem","position":3,"name":"Conexi\u00f3n especial Primer Viernes de Mayo para Radio Jaca"}]},{"@type":"WebSite","@id":"https:\/\/sijaca.com\/en\/#website","url":"https:\/\/sijaca.com\/en\/","name":"Servicios Inform\u00e1ticos Jaca","description":"Soluciones inform\u00e1ticas","publisher":{"@id":"https:\/\/sijaca.com\/en\/#organization"},"potentialAction":[{"@type":"SearchAction","target":{"@type":"EntryPoint","urlTemplate":"https:\/\/sijaca.com\/en\/?s={search_term_string}"},"query-input":{"@type":"PropertyValueSpecification","valueRequired":true,"valueName":"search_term_string"}}],"inLanguage":"en-US"},{"@type":"Organization","@id":"https:\/\/sijaca.com\/en\/#organization","name":"Servicios Inform\u00e1ticos Jaca","url":"https:\/\/sijaca.com\/en\/","logo":{"@type":"ImageObject","inLanguage":"en-US","@id":"https:\/\/sijaca.com\/en\/#\/schema\/logo\/image\/","url":"https:\/\/sijaca.com\/wp-content\/uploads\/2023\/11\/2Logo-JACA-solo.png","contentUrl":"https:\/\/sijaca.com\/wp-content\/uploads\/2023\/11\/2Logo-JACA-solo.png","width":710,"height":279,"caption":"Servicios Inform\u00e1ticos Jaca"},"image":{"@id":"https:\/\/sijaca.com\/en\/#\/schema\/logo\/image\/"}}]}},"_links":{"self":[{"href":"https:\/\/sijaca.com\/en\/wp-json\/wp\/v2\/trabajo\/428","targetHints":{"allow":["GET"]}}],"collection":[{"href":"https:\/\/sijaca.com\/en\/wp-json\/wp\/v2\/trabajo"}],"about":[{"href":"https:\/\/sijaca.com\/en\/wp-json\/wp\/v2\/types\/trabajo"}],"wp:featuredmedia":[{"embeddable":true,"href":"https:\/\/sijaca.com\/en\/wp-json\/wp\/v2\/media\/429"}],"wp:attachment":[{"href":"https:\/\/sijaca.com\/en\/wp-json\/wp\/v2\/media?parent=428"}],"curies":[{"name":"wp","href":"https:\/\/api.w.org\/{rel}","templated":true}]}}

Conexión especial Primer Viernes de Mayo para Radio Jaca

<p>Con motivo de una programación especial de Radio Jaca para la celebración del Primer Viernes de Mayo, este día 5 de mayo de 2017,  se hace una instalación temporal de <a href="http://www.embou.com/" target="_blank" rel="noopener noreferrer">Embou</a> en las oficinas de Radio Jaca.</p>
<p>Felices Fiestas Jacetan@s!!!!</p>

<!-- This site is optimized with the Yoast SEO plugin v26.8 - https://yoast.com/product/yoast-seo-wordpress/ -->
<title>Conexión especial Primer Viernes de Mayo para Radio Jaca - Servicios Informáticos Jaca</title>
<meta name="robots" content="index, follow, max-snippet:-1, max-image-preview:large, max-video-preview:-1" />
<link rel="canonical" href="https://sijaca.com/en/trabajo/conexion-especial-primer-viernes-de-mayo-para-radio-jaca/" />
<meta property="og:locale" content="en_US" />
<meta property="og:type" content="article" />
<meta property="og:title" content="Conexión especial Primer Viernes de Mayo para Radio Jaca - Servicios Informáticos Jaca" />
<meta property="og:description" content="Con motivo de una programación especial de Radio Jaca para la celebración del Primer Viernes de Mayo, este día 5 de mayo de 2017,  se hace una instalación temporal de Embou en las oficinas de Radio Jaca. Felices Fiestas Jacetan@s!!!!" />
<meta property="og:url" content="https://sijaca.com/en/trabajo/conexion-especial-primer-viernes-de-mayo-para-radio-jaca/" />
<meta property="og:site_name" content="Servicios Informáticos Jaca" />
<meta property="article:modified_time" content="2023-12-12T13:46:29+00:00" />
<meta property="og:image" content="https://sijaca.com/wp-content/uploads/2023/12/DSC_0355.jpg" />
	<meta property="og:image:width" content="2000" />
	<meta property="og:image:height" content="1125" />
	<meta property="og:image:type" content="image/jpeg" />
<meta name="twitter:card" content="summary_large_image" />
<meta name="twitter:label1" content="Est. reading time" />
	<meta name="twitter:data1" content="1 minute" />
<script type="application/ld+json" class="yoast-schema-graph">{"@context":"https://schema.org","@graph":[{"@type":"WebPage","@id":"https://sijaca.com/en/trabajo/conexion-especial-primer-viernes-de-mayo-para-radio-jaca/","url":"https://sijaca.com/en/trabajo/conexion-especial-primer-viernes-de-mayo-para-radio-jaca/","name":"Conexión especial Primer Viernes de Mayo para Radio Jaca - Servicios Informáticos Jaca","isPartOf":{"@id":"https://sijaca.com/en/#website"},"primaryImageOfPage":{"@id":"https://sijaca.com/en/trabajo/conexion-especial-primer-viernes-de-mayo-para-radio-jaca/#primaryimage"},"image":{"@id":"https://sijaca.com/en/trabajo/conexion-especial-primer-viernes-de-mayo-para-radio-jaca/#primaryimage"},"thumbnailUrl":"https://sijaca.com/wp-content/uploads/2023/12/DSC_0355.jpg","datePublished":"2023-12-12T12:46:41+00:00","dateModified":"2023-12-12T13:46:29+00:00","breadcrumb":{"@id":"https://sijaca.com/en/trabajo/conexion-especial-primer-viernes-de-mayo-para-radio-jaca/#breadcrumb"},"inLanguage":"en-US","potentialAction":[{"@type":"ReadAction","target":["https://sijaca.com/en/trabajo/conexion-especial-primer-viernes-de-mayo-para-radio-jaca/"]}]},{"@type":"ImageObject","inLanguage":"en-US","@id":"https://sijaca.com/en/trabajo/conexion-especial-primer-viernes-de-mayo-para-radio-jaca/#primaryimage","url":"https://sijaca.com/wp-content/uploads/2023/12/DSC_0355.jpg","contentUrl":"https://sijaca.com/wp-content/uploads/2023/12/DSC_0355.jpg","width":2000,"height":1125},{"@type":"BreadcrumbList","@id":"https://sijaca.com/en/trabajo/conexion-especial-primer-viernes-de-mayo-para-radio-jaca/#breadcrumb","itemListElement":[{"@type":"ListItem","position":1,"name":"Inicio","item":"https://sijaca.com/en/"},{"@type":"ListItem","position":2,"name":"Trabajos","item":"https://sijaca.com/en/trabajo/"},{"@type":"ListItem","position":3,"name":"Conexión especial Primer Viernes de Mayo para Radio Jaca"}]},{"@type":"WebSite","@id":"https://sijaca.com/en/#website","url":"https://sijaca.com/en/","name":"Servicios Informáticos Jaca","description":"Soluciones informáticas","publisher":{"@id":"https://sijaca.com/en/#organization"},"potentialAction":[{"@type":"SearchAction","target":{"@type":"EntryPoint","urlTemplate":"https://sijaca.com/en/?s={search_term_string}"},"query-input":{"@type":"PropertyValueSpecification","valueRequired":true,"valueName":"search_term_string"}}],"inLanguage":"en-US"},{"@type":"Organization","@id":"https://sijaca.com/en/#organization","name":"Servicios Informáticos Jaca","url":"https://sijaca.com/en/","logo":{"@type":"ImageObject","inLanguage":"en-US","@id":"https://sijaca.com/en/#/schema/logo/image/","url":"https://sijaca.com/wp-content/uploads/2023/11/2Logo-JACA-solo.png","contentUrl":"https://sijaca.com/wp-content/uploads/2023/11/2Logo-JACA-solo.png","width":710,"height":279,"caption":"Servicios Informáticos Jaca"},"image":{"@id":"https://sijaca.com/en/#/schema/logo/image/"}}]}</script>
<!-- / Yoast SEO plugin. -->

Conexión especial Primer Viernes de Mayo para Radio Jaca - Servicios Informáticos Jaca

Con motivo de una programación especial de Radio Jaca para la celebración del Primer Viernes de Mayo, este día 5 de mayo de 2017,  se hace una instalación temporal de Embou en las oficinas de Radio Jaca. Felices Fiestas Jacetan@s!!!!

Servicios Informáticos Jaca

Soluciones informáticas
